ive f(-5).
2
Let j(u) = -7*u - 11. Let q(s) = -3*s - 5. Let z(g) = -2*j(g) + 5*q(g). What is z(4)?
-7
Let w(o) = o**3 + 0 + 0 - 2*o**3 + 3*o**2 - o. Let d(z) = -z**3 + 5*z**2 + 5*z + 7. Let t be d(6). Give w(t).
1
Let k(r) = 4 - 2 - 6 + 3 - r. Let n be (-112)/18 + (-10)/(-45). Determine k(n).
5
Let p(n) be the first derivative of -n**4/2 - n**3/3 - n**2/2 + 3. Let q be -1 - (3 + -2) - -1. Calculate p(q).
2
Let o(h) be the first derivative of h**4/12 + h**3/2 - 3*h**2/2 + h - 3. Let f(x) be the first derivative of o(x). Give f(-5).
7
Let t(g) = 6*g - 6. Suppose -c - 15 = -5*v, 4*v + 2*c - 12 = -c. Let h(r) = -5*r + 6. Suppose -m = -0*m - 4. Let u(n) = m*h(n) + v*t(n). Give u(5).
-4
Let h be 12/8*6/9. Let a(p) be the third derivative of -p**8/2240 - p**7/1260 + p**6/720 + p**4/12 - p**2. Let z(o) be the second derivative of a(o). Give z(h).
-4
Let k(n) = n**2 + 1. Let l be k(2). Let o(y) = y - 2. Determine o(l).
3
Let z(l) = l**2 - 4*l. Let w be z(6). Let i be ((-1)/(-2))/((-2)/w). Let y(p) = 2 + 3*p - 3 + 4. Determine y(i).
-6
Suppose -3 = 3*q + 3*n + 9, 0 = q + 2*n + 3. Let s(d) = -3*d**2 - 4*d - 6. Let w(u) = u**2 + u + 2. Let f(h) = 6*s(h) + 17*w(h). Calculate f(q).
8
Let n(g) = g**2 + 10*g + 3. Let l be n(-10). Let c(s) be the second derivative of -s + 0 + 3/2*s**2 + 1/6*s**l. Calculate c(-4).
-1
Let o(u) = -u - 3. Let f be (-29 - -30)*(3 + -2 + 4). Calculate o(f).
-8
Let m(d) = 2*d**3 + 4*d**2 - 5*d + 2. Let s be 9/(-3)*(-2 + -1). Let g(f) = -4*f**3 - 9*f**2 + 11*f - 4. Let o(x) = s*m(x) + 4*g(x). Determine o(-2).
-12
Let z(r) = r + 9. Let x be (-355)/30 + (-4)/24. Let j be z(x). Let c(k) = 7*k**2 - 4*k - 3. Let o(l) = l**2 - l - 1. Let g(u) = -c(u) + 6*o(u). Give g(j).
-6
Let p(n) = 2*n. Suppose 2*f - 16 = -0*f. Suppose -3*m = -f*m + 20. Give p(m).
8
Let g(k) = 29*k + k**2 - 31*k + 0*k**2 - 1. Let q be (-2 + 1)*(-3)/1. Determine g(q).
2
Let f = 16 + -11. Let r(o) = -o + f + o - o. Give r(4).
1
Let m(s) = -6*s + 2. Let j(a) = -5*a + 2. Let b(z) = 7*j(z) - 6*m(z). Give b(7).
9
Let x(d) = -d**3 - 7*d**2 - 3*d + 19. Let i be x(-6). Let w(o) = 2*o**3 + o**2 - 1. Give w(i).
2
Suppose -5*a + 14 = -16. Suppose -2*b = -2*s + 8, -5*b - 2 - 8 = 0. Let g(w) = -w**2 - 2*w + 3 + s - a. Determine g(-3).
-4
Let d(q) = -18*q**3 - q**2 - q. Suppose 4*p = 8, 7 - 16 = b - 4*p. What is d(b)?
18
Let c(z) be the first derivative of z**3/3 + 2*z + 17. Let d be (-2)/(-3) + 4/(-6). Let f = d - 0. What is c(f)?
2
Let m(b) = b**3 - 5*b**2 + 3*b + 1. Let s = 7 - 2. Suppose -4*f + 8 = -s*i + 28, 5*f = 4*i - 16. Give m(i).
-3
Suppose 4*a = -4*l + 36, 3*l + l - 8 = 0. Let w(u) = -2*u + a + 4*u + 0*u. Suppose 2*p - 22 = 4*t, 0 = 3*t + 4*p + 6 + 5. Determine w(t).
-3
Let v(u) be the second derivative of u**5/120 + u**3/3 + u. Let z(c) be the second derivative of v(c). Calculate z(-3).
-3
Let i = 6 + -3. Let f(j) be the first derivative of j**2 - j + 3. Calculate f(i).
5
Let k = 10 + -20. Let y be 64/80 + (-22)/k. Let a(n) = -n**2 + 3*n + 1. Determine a(y).
1
Suppose 5*c - 155 + 115 = 0. Let b(i) = i**3 - 7*i**2 - 8*i + 1. Determine b(c).
1
Let d(f) = -f**2 - 4*f + 3. Let k be d(-3). Suppose -3*c = 2*b - 15, -k = -2*c + 5*c - 5*b. Let m(i) = -6*i**2 - c*i + 9 - 4 - i**3 + 0. Determine m(-5).
-5
Let q(k) be the second derivative of k**8/6720 - k**7/504 - k**6/90 + 3*k**5/40 + k**4/12 - 3*k. Let c(n) be the third derivative of q(n). Calculate c(6).
-3
Let a(y) = 31*y**3 - 10*y**2 + 9*y**2 - 10*y**3 + 2*y**2. Give a(-1).
-20
Suppose -5*a = -0*d - d - 2, -2*d + 4 = -2*a. Let u(x) = x**3 + 6*x - 2 + 3*x**2 + 0*x**2 + d*x**2 - 1. Suppose -3 = -3*o, -3*h - o = 3*o + 11. What is u(h)?
-8
Let b be 8/4*5/(-2). Let s(y) be the second derivative of y**4/12 + 5*y**3/6 - y**2 - 3*y. Give s(b).
-2
Let x(a) be the first derivative of a**4/4 + 5*a**3/3 - 3*a**2 + 6*a + 2. Determine x(-6).
6
Suppose 4*n = 3*m - 26, -2*m + 2*n + 3*n = -29. Suppose -3*z + 4*w + 15 = 0, m*z - w - 2 = 3*z. Let f(u) = 5*u + 1. Calculate f(z).
6
Let n(r) = -4*r**2 - r**3 - 9 + 19 + 4*r - 4. Determine n(-5).
11
Let r be 3/((-6)/4) + 7. Let k(l) = l + 1 + 0 - r. Suppose -f = 4 - 0. Give k(f).
-8
Let y(v) be the third derivative of v**6/120 - v**5/20 + v**4/24 - 2*v**2. Suppose -7*x + 4*x = -9. Give y(x).
3
Let a = 19 - 16. Let q(t) = 2*t**2 + t**3 - 2 - a*t + 1 + 1. What is q(2)?
10
Let u(g) = 0 - 4*g - g**3 + 0 - 6*g**2 + 7. Suppose -4*o + 49 - 9 = 0. Suppose z = -z - o. Calculate u(z).
2
Let i(h) = 6*h**2 + 2*h - 1. Let o = -2 + 6. Let g be 11/9 + o/(-18). Calculate i(g).
7
Let o(g) be the third derivative of 0*g + 0 + 1/3*g**3 - 4*g**2 + 1/60*g**5 + 1/8*g**4. Let u = 4 + -8. Give o(u).
6
Let x be (2 - -1)/((-6)/(-4)). Suppose 0*z = 3*z - 6. Let g(y) = 0*y**3 - y**3 + 0*y - 3*y + 2 + z*y**2. Calculate g(x).
-4
Let d(c) = 2*c + 2. Suppose -3*l + 3*g = -2*l, 11 = -3*l - 2*g. Give d(l).
-4
Let b(k) be the second derivative of -k**4/12 - 4*k**3/3 - 3*k**2 + 15*k. What is b(-7)?
1
Suppose 0 = -2*g - 2*g + 4. Let s be (4 + -1 - -2)/g. Let v(x) = -x + 1. Determine v(s).
-4
Let v = -2 + 4. Let w(z) = -2*z - v - 1 - 6 + 3. Calculate w(-5).
4
Let j(v) = v + 2*v - v**3 - 5*v**2 + 2*v**2 + 0*v. Calculate j(-3).
-9
Let w = 2 + 3. Let f(x) = -3*x**2 - x + 18. Let s(l) = -2*l**2 - l + 12. Let b(o) = 5*f(o) - 7*s(o). Calculate b(w).
-9
Let l be (-5)/(-4) - 21/(-28). Let c(w) = -4*w - 2. Calculate c(l).
-10
Let x(p) = -p**3 + 3*p**2 + p + 2. Let w be (-3 - -3) + -2 + 8. Let v = w - 3. Give x(v).
5
Let x(l) = -3*l + 3. Suppose o - 10 + 2 = -5*k, -3*k = 5*o + 4. Let t(f) = -7*f + 6. Let q(z) = k*t(z) - 5*x(z). Let g be (-5 - -2) + 0/(-1). Determine q(g).
-6
Let t = -1 + 3. Let d(z) = -z**3 + 5*z**2 + 7*z - 3. Let i be d(6). Let s(g) = -g**t + i - g**2 + 6*g - 4*g. Determine s(-2).
-9
Let q(h) = -h**3 - 3*h**2 - h - 7. Let r(i) = 2*i**3 + 4*i**2 + i + 8. Let l(j) = 3*q(j) + 2*r(j). Let d(y) = -y**2 + 5*y. Let k be d(5). Give l(k).
-5
Let y(v) = v**2 + 2*v - 1. Let f(k) = 9*k + 23. Let a be f(-3). Calculate y(a).
7
Let m be (-5 + 7)*6/4. Let s(b) = -3*b + 4*b + 4*b**m - 1 + b + 0*b - b**2. Let w = 4 + -3. Give s(w).
4
Let n = 3 + 5. Let l = n - 6. Let a(k) be the first derivative of k**2 - k - 11. Give a(l).
3
Let g(r) = -2*r**3 + r**2 - 2. Suppose 0*j - 4*j - 8 = 0. Determine g(j).
18
Let v(f) = f**3 + 5*f**2 + 2*f - 6. Let a(u) = -u**3 + 8*u**2 - 13*u + 1. Let k be a(6). Determine v(k).
-16
Let f(a) = -3*a + 6. Suppose 5*y - 8 = y + 4*z, -8 = y + z. Let u(j) = j - 13. Let m be u(9). Let l(k) = 2*k - 5. Let d(w) = m*l(w) + y*f(w). Determine d(0).
2
Let a be 12/(-6)*2*-1. Let i(m) = -m - m**3 + 2*m**2 + m**2 + 4*m. Calculate i(a).
-4
Suppose x = -2*x + 6. Let g(w) = 1. Let c(n) = 7*n + 2. Let h(j) = c(j) - 4*g(j). Calculate h(x).
12
Let b = 14 - 10. Let j(w) = -b*w - 3 + w**3 + 3 - 3*w**2 + 3. Give j(4).
3
Let v(h) = 3*h - 2. Let m(f) = -2*f + 1. Let d(u) = 5*m(u) + 3*v(u). What is d(4)?
-5
Suppose -4*v = -0*v + 88. Let y = -33 - v. Let b be y/2 + 1/2. Let a(s) = s**3 + 4*s**2 - 5*s - 2. Calculate a(b).
-2
Let s(z) be the third derivative of -z**4/12 + z**3/3 - 3*z**2. What is s(4)?
-6
Suppose 0 = -6*v + 6 + 6. Suppose -14 = 2*q + 5*l, q - v*l + 4*l + 6 = 0. Let x(w) = -5*w - 2. Determine x(q).
8
Let a(p) = 2*p**2 - 4*p - 23. Let g be a(5). Let k(b) = b**3 - 8*b**2 + 8*b - 1. Give k(g).
6
Let s be 2/(2/(-2)) + 3. Let c = 4 - s. Let x(p) = -2 + 3 + c*p - 4. Calculate x(3).
6
Let v(o) = -2*o**2 - 5*o**3 - 2 + 4*o**3 - 4*o**2. Let q be v(-6). Let c(f) = -f**3 + 2*f + 2. Calculate c(q).
6
Suppose 0 = -9*h - 0*h. Let i(k) = -k + 9. Determine i(h).
9
Let k(r) be the first derivative of r**4/24 + r**3 - 3*r**2/2 - 3. Let t(d) be the second derivative of k(d). Determine t(0).
6
Let y(a) = -2*a - 66 + 66. What is y(3)?
-6
Let g(y) = y**3 + y**2 + y - 7. Let s = -8 - -6. Let j be (s - (-5 - -3))/2. What is g(j)?
-7
Let j(r) = 4*r**3. Suppose 21 = v + 4*n, 3*v + 2*v + 5 = 2*n. Let t be j(v). Let x(b) = -t + 2*b**2 + 8*b - 3*b + 3*b - 3*b. Determine x(-4).
8
Let s(j) = 7*j**3 + 5*j**2 + 5*j + 5. Let p = 6 + -1. Let n(q) = 8*q**3 + 6*q**2 + 6*q + 6. Let o(y) = p*s(y) - 4*n(y). What is o(-1)?
-2
Let v = -7 - -17. Suppose 5*b = 40 - v. Let k(s) = s - 3. Determine k(b).
3
Let a(p) = p**3 - 6*p**2 - p. Let c(k) = 2*k**2 + 4*k. Suppose -2*q - 5*h